17, 4153
What are the prime factors of 32812733?
137, 239509
What are the prime factors of 234948?
2, 3, 7, 2797
List the prime factors of 12912434.
2, 1223, 5279
List the prime factors of 144498.
2, 3, 24083
What are the prime factors of 3695600?
2, 5, 9239
List the prime factors of 730390.
2, 5, 73039
List the prime factors of 1121303.
17, 71, 929
List the prime factors of 451805.
5, 109, 829
What are the prime factors of 2603247?
3, 19, 109, 419
What are the prime factors of 2607040?
2, 5, 8147
List the prime factors of 278042.
2, 139021
What are the prime factors of 190393?
7, 59, 461
What are the prime factors of 23421775?
5, 13, 19, 3793
List the prime factors of 36914.
2, 18457
List the prime factors of 52212.
2, 3, 19, 229
What are the prime factors of 425546?
2, 11, 23, 29
List the prime factors of 587180.
2, 5, 11, 17, 157
What are the prime factors of 2994325?
5, 119773
What are the prime factors of 40564?
2, 10141
What are the prime factors of 5267?
23, 229
List the prime factors of 2029777.
59, 34403
What are the prime factors of 244142?
2, 59, 2069
What are the prime factors of 2090284?
2, 7, 74653
List the prime factors of 1435929.
3, 11, 53, 821
What are the prime factors of 6103521?
3, 678169
What are the prime factors of 3249132?
2, 3, 270761
List the prime factors of 1356955.
5, 223, 1217
What are the prime factors of 284331?
3, 94777
List the prime factors of 5084216.
2, 635527
List the prime factors of 274928.
2, 17183
List the prime factors of 3979859.
13, 389, 787
What are the prime factors of 3125391?
3, 277, 3761
List the prime factors of 112550.
2, 5, 2251
List the prime factors of 4118247.
3, 7, 131, 499
What are the prime factors of 646794?
2, 3, 35933
List the prime factors of 4342376.
2, 542797
What are the prime factors of 552708?
2, 3, 13, 1181
What are the prime factors of 899268?
2, 3, 137, 547
What are the prime factors of 1710932?
2, 427733
List the prime factors of 586458.
2, 3, 31, 1051
What are the prime factors of 147398?
2, 73699
What are the prime factors of 1210163?
1210163
What are the prime factors of 5845532?
2, 7, 11, 18979
What are the prime factors of 180434?
2, 90217
What are the prime factors of 3863669?
19, 203351
List the prime factors of 14899737.
3, 4966579
What are the prime factors of 1650084?
2, 3, 137507
What are the prime factors of 7013577?
3, 2337859
List the prime factors of 135310.
2, 5, 7, 1933
List the prime factors of 359574.
2, 3, 59929
What are the prime factors of 160006?
2, 7, 11, 1039
List the prime factors of 81861.
3, 13, 2099
List the prime factors of 526262.
2, 11, 19, 1259
List the prime factors of 4175353.
7, 13, 17, 2699
What are the prime factors of 57925?
5, 7, 331
List the prime factors of 3547148.
2, 11, 19, 4243
List the prime factors of 2676271.
13, 127, 1621
List the prime factors of 2989243.
89, 33587
What are the prime factors of 2268640?
2, 5, 11, 1289
What are the prime factors of 2747197?
47, 58451
List the prime factors of 74177.
74177
List the prime factors of 1068960.
2, 3, 5, 17, 131
What are the prime factors of 812918?
2, 269, 1511
List the prime factors of 3902453.
3902453
What are the prime factors of 904360?
2, 5, 23, 983
What are the prime factors of 7153939?
13, 42331
List the prime factors of 6191075.
5, 11, 47, 479
List the prime factors of 65318.
2, 11, 2969
List the prime factors of 2111329.
11, 17449
What are the prime factors of 372288?
2, 3, 7, 277
What are the prime factors of 612062?
2, 11, 43, 647
What are the prime factors of 3071600?
2, 5, 7, 1097
What are the prime factors of 355899?
3, 118633
What are the prime factors of 4450728?
2, 3, 53, 3499
What are the prime factors of 34870452?
2, 3, 101, 28771
List the prime factors of 10535294.
2, 7, 11, 29, 337
What are the prime factors of 6180476?
2, 43, 35933
What are the prime factors of 10150713?
3, 1127857
What are the prime factors of 602875?
5, 7, 13, 53
List the prime factors of 7620431.
7, 13, 1709
List the prime factors of 1748997.
3, 373, 521
What are the prime factors of 180170?
2, 5, 43, 419
What are the prime factors of 349322?
2, 389, 449
List the prime factors of 85176.
2, 3, 7, 13
What are the prime factors of 1154577?
3, 23, 29, 577
What are the prime factors of 255530?
2, 5, 11, 23, 101
List the prime factors of 11379505.
5, 1069, 2129
What are the prime factors of 1724856?
2, 3, 7, 10267
List the prime factors of 221773.
221773
List the prime factors of 274092.
2, 3, 7, 13, 251
List the prime factors of 26085475.
5, 13, 80263
List the prime factors of 518554.
2, 259277
List the prime factors of 112085.
5, 29, 773
List the prime factors of 4679253.
3, 519917
What are the prime factors of 130809?
3, 7, 6229
What are the prime factors of 1992205?
5, 398441
What are the prime factors of 31500?
2, 3, 5, 7
What are the prime factors of 780431?
103, 7577
List the prime factors of 245698.
2, 122849
What are the prime factors of 805491?
3, 29833
What are the prime factors of 60878?
2, 61, 499
List the prime factors of 32657354.
2, 16328677
List the prime factors of 16325832.
2, 3, 433, 1571
What are the prime factors of 320338?
2, 160169
What are the prime factors of 7297?
7297
What are the prime factors of 160213?
131, 1223
List the prime factors of 430441.
11, 109, 359
List the prime factors of 200468.
2, 23, 2179
What are the prime factors of 938753?
277, 3389
What are the prime factors of 61071?
3, 20357
What are the prime factors of 183712?
2, 5741
List the prime factors of 1654232.
2, 206779
What are the prime factors of 328770?
2, 3, 5, 13, 281
List the prime factors of 706093.
107, 6599
List the prime factors of 3331236.
2, 3, 277603
What are the prime factors of 2032027?
17, 23, 5197
What are the prime factors of 14370786?
2, 3, 83, 9619
What are the prime factors of 624116?
2, 37, 4217
List the prime factors of 423330.
2, 3, 5, 103, 137
What are the prime factors of 14954223?
3, 4984741
What are the prime factors of 15388814?
2, 7, 241, 4561
What are the prime factors of 1437194?
2, 11, 65327
List the prime factors of 4798429.
317, 15137
List the prime factors of 6332622.
2, 3, 1055437
List the prime factors of 304987.
113, 2699
List the prime factors of 182353.
182353
What are the prime factors of 6918415?
5, 7, 89, 2221
List the prime factors of 7314360.
2, 3, 5, 60953
What are the prime factors of 868739?
868739
What are the prime factors of 25677?
3, 317
What are the prime factors of 122149?
122149
List the prime factors of 629528.
2, 78691
List the prime factors of 65904.
2, 3, 1373
What are the prime factors of 1667170?
2, 5, 293, 569
What are the prime factors of 474716?
2, 11, 10789
What are the prime factors of 377263?
377263
List the prime factors of 456516.
2, 3, 1409
What are the prime factors of 9641?
31, 311
List the prime factors of 2099832.
2, 3, 7, 29, 431
List the prime factors of 1421022.
2, 3, 37, 173
List the prime factors of 852186.
2, 3, 142031
What are the prime factors of 21442347?
3, 794161
What are the prime factors of 178045?
5, 7, 5087
List the prime factors of 11182238.
2, 313, 17863
List the prime factors of 1376474.
2, 11, 19, 37, 89
List the prime factors of 2338522.
2, 1169261
List the prime factors of 9470059.
1439, 6581
List the prime factors of 606016.
2, 17, 557
List the prime factors of 2291283.
3, 23, 11069
List the prime factors of 381273.
3, 19, 6689
What are the prime factors of 73865?
5, 11, 17, 79
List the prime factors of 8340671.
41, 203431
List the prime factors of 417145.
5, 19, 4391
What are the prime factors of 9586251?
3, 41, 83, 313
What are the prime factors of 10551251?
19, 557, 997
List the prime factors of 1132091.
1132091
What are the prime factors of 618516?
2, 3, 23, 83
What are the prime factors of 101930?
2, 5, 10193
What are the prime factors of 164523?
3, 173, 317
What are the prime factors of 17168421?
3, 157, 36451
What are the prime factors of 2995644?
2, 3, 191, 1307
What are the prime factors of 976814?
2, 488407
List the prime factors of 49834.
2, 24917
List the prime factors of 353362.
2, 17, 19, 547
List the prime factors of 212115.
3, 5, 79, 179
List the prime factors of 86121.
3, 7, 1367
What are the prime factors of 7137909?
3, 17, 15551
List the prime factors of 41526211.
41526211
List